04571?
59, 73, 953
List the prime factors of 37261740.
2, 3, 5, 621029
List the prime factors of 938308.
2, 7, 23, 31, 47
What are the prime factors of 1041986?
2, 11, 47363
What are the prime factors of 5369144?
2, 11, 17, 37, 97
What are the prime factors of 82477?
67, 1231
What are the prime factors of 2072201?
2072201
List the prime factors of 1917975.
3, 5, 107, 239
List the prime factors of 14316168.
2, 3, 596507
List the prime factors of 20066600.
2, 5, 100333
What are the prime factors of 293327?
47, 79
List the prime factors of 6205194.
2, 3, 151, 761
List the prime factors of 381371.
381371
List the prime factors of 344329.
103, 3343
List the prime factors of 149072.
2, 7, 11
What are the prime factors of 1261387?
1261387
What are the prime factors of 1420809?
3, 13, 17, 2143
List the prime factors of 918211.
7, 2677
What are the prime factors of 1335853?
1335853
List the prime factors of 477660.
2, 3, 5, 19, 419
List the prime factors of 336094.
2, 11, 15277
List the prime factors of 165246.
2, 3, 27541
What are the prime factors of 173356?
2, 19, 2281
What are the prime factors of 278201?
7, 11, 3613
List the prime factors of 209921.
23, 9127
List the prime factors of 365071.
7, 52153
What are the prime factors of 60957?
3, 13, 521
What are the prime factors of 213642?
2, 3, 11, 13, 83
What are the prime factors of 25185479?
11, 179, 12791
What are the prime factors of 157705?
5, 31541
List the prime factors of 1039888.
2, 103, 631
List the prime factors of 13748995.
5, 13, 53, 307
What are the prime factors of 268276?
2, 47, 1427
List the prime factors of 16863259.
7, 41, 58757
List the prime factors of 14499064.
2, 1812383
List the prime factors of 195014.
2, 281, 347
What are the prime factors of 438159?
3, 19, 7687
List the prime factors of 1526956.
2, 381739
List the prime factors of 5395376.
2, 7, 67, 719
What are the prime factors of 5390833?
7, 110017
List the prime factors of 747177.
3, 249059
What are the prime factors of 10441136?
2, 547, 1193
What are the prime factors of 1068741?
3, 23, 1721
List the prime factors of 1717975.
5, 7, 9817
List the prime factors of 218424.
2, 3, 19, 479
List the prime factors of 1511440.
2, 5, 7, 2699
List the prime factors of 138607.
7, 19801
List the prime factors of 783455.
5, 156691
List the prime factors of 835292.
2, 367, 569
What are the prime factors of 10946936?
2, 7, 11, 13, 1367
What are the prime factors of 1445681?
53, 27277
What are the prime factors of 218037?
3, 72679
List the prime factors of 1762122.
2, 3, 23, 113
What are the prime factors of 5188084?
2, 11, 117911
List the prime factors of 4814168.
2, 601771
List the prime factors of 4636680.
2, 3, 5, 38639
List the prime factors of 279580.
2, 5, 7, 1997
List the prime factors of 108420.
2, 3, 5, 13, 139
List the prime factors of 110259.
3, 12251
List the prime factors of 163647.
3, 11, 19, 29
List the prime factors of 1167784.
2, 61, 2393
List the prime factors of 5212093.
5212093
What are the prime factors of 779418?
2, 3, 19, 43, 53
What are the prime factors of 323944?
2, 40493
What are the prime factors of 12462670?
2, 5, 11, 19, 67, 89
List the prime factors of 3227220.
2, 3, 5, 17929
List the prime factors of 9459199.
9459199
What are the prime factors of 4139688?
2, 3, 7, 41, 601
What are the prime factors of 670498?
2, 335249
What are the prime factors of 6810972?
2, 3, 7, 81083
What are the prime factors of 1949379?
3, 649793
List the prime factors of 1644191.
43, 38237
List the prime factors of 395747.
11, 35977
List the prime factors of 13353725.
5, 7, 11, 991
List the prime factors of 541200.
2, 3, 5, 11, 41
What are the prime factors of 678086?
2, 23, 14741
List the prime factors of 1286612.
2, 61, 5273
List the prime factors of 328313.
569, 577
What are the prime factors of 1166147?
1166147
List the prime factors of 690678.
2, 3, 38371
What are the prime factors of 2170967?
71, 30577
List the prime factors of 20574866.
2, 13, 41, 19301
List the prime factors of 5989366.
2, 137, 21859
List the prime factors of 34153569.
3, 557, 757
What are the prime factors of 43797?
3, 13, 1123
List the prime factors of 45872298.
2, 3, 79, 10753
List the prime factors of 683722.
2, 13, 26297
What are the prime factors of 363819?
3, 173, 701
What are the prime factors of 1813533?
3, 139, 4349
What are the prime factors of 3874759?
7, 17, 32561
List the prime factors of 6373515.
3, 5, 53, 8017
List the prime factors of 4609627.
11, 419057
List the prime factors of 5090089.
17, 299417
What are the prime factors of 4586218?
2, 7, 13, 113, 223
What are the prime factors of 1122291?
3, 124699
List the prime factors of 28201037.
67, 347, 1213
What are the prime factors of 7125266?
2, 19, 187507
What are the prime factors of 404319?
3, 307, 439
List the prime factors of 5597064.
2, 3, 11, 37, 191
List the prime factors of 20728177.
37, 560221
What are the prime factors of 4001193?
3, 7, 43, 211
What are the prime factors of 5700966?
2, 3, 950161
List the prime factors of 8159886.
2, 3, 7, 21587
List the prime factors of 1273165.
5, 23, 11071
What are the prime factors of 234299?
13, 67, 269
List the prime factors of 1051812.
2, 3, 9739
What are the prime factors of 214403?
7, 109, 281
List the prime factors of 200763.
3, 22307
What are the prime factors of 182969?
182969
List the prime factors of 39812.
2, 37, 269
What are the prime factors of 82981?
82981
List the prime factors of 5458929.
3, 7, 259949
What are the prime factors of 2711476?
2, 557, 1217
What are the prime factors of 3534224?
2, 220889
What are the prime factors of 300342?
2, 3, 7, 7151
List the prime factors of 623103.
3, 13, 1229
List the prime factors of 2447636.
2, 31, 19739
What are the prime factors of 1314278?
2, 7, 13411
List the prime factors of 140505.
3, 5, 17, 19, 29
What are the prime factors of 1545490?
2, 5, 37, 4177
List the prime factors of 26718380.
2, 5, 13, 102763
List the prime factors of 201130.
2, 5, 20113
List the prime factors of 1413199.
29, 48731
List the prime factors of 5966643.
3, 17, 116993
List the prime factors of 1958320.
2, 5, 7, 13, 269
What are the prime factors of 100797?
3, 33599
List the prime factors of 6870504.
2, 3, 467, 613
List the prime factors of 35117931.
3, 11705977
List the prime factors of 452381.
73, 6197
List the prime factors of 22676.
2, 5669
List the prime factors of 551567.
283, 1949
List the prime factors of 7367222.
2, 17, 23, 9421
List the prime factors of 222471.
3, 19, 1301
What are the prime factors of 5166495?
3, 5, 29, 37, 107
List the prime factors of 6493846.
2, 3246923
What are the prime factors of 19029454?
2, 47, 202441
List the prime factors of 5696266.
2, 2848133
List the prime factors of 20892662.
2, 7, 151, 9883
What are the prime factors of 271234?
2, 135617
What are the prime factors of 202834?
2, 37, 2741
What are the prime factors of 521533?
521533
List the prime factors of 13606700.
2, 5, 136067
What are the prime factors of 1903890?
2, 3, 5, 63463
What are the prime factors of 648490?
2, 5, 64849
List the prime factors of 8503657.
8503657
What are the prime factors of 1809539?
1809539
What are the prime factors of 43306?
2, 59, 367
What are the prime factors of 4790017?
29, 165173
List the prime factors of 1989944.
2, 11, 22613
List the prime factors of 2121412.
2, 530353
What are the prime factors of 2746171?
317, 8663
List the prime factors of 29489797.
163, 227, 797
List the prime factors of 3877340.
2, 5, 23, 8429
What are the prime factors of 28119079?
491, 57269
What are the prime factors of 1389381?
3, 7, 66161
List the prime factors of 32113567.
211, 152197
What are the prime factors of 738030?
2, 3, 5, 73, 337
List the prime factors of 4946727.
3, 1648909
List the prime factors of 322683.
3, 29, 3709
What are the prime factors of 4395481?
79, 55639
List the prime factors of 5431775.
5, 217271
What are the prime factors of 35836561?
17, 2108033
List the prime factors of 211291.
211291
What are the prime factors of 14562694?
2, 1279, 5693
What are the prime factors of 21663395?
5, 13, 333283
List the prime factors of 703020.
2, 3, 5, 11717
List the prime factors of 595916.
2, 19, 7841
List the prime factors of 217635.
3, 5, 11, 1319
What are the prime factors of 1381877?